t) = t**2 - t + 1. Let g be (-22)/(-3) - (-12)/18. Let u = g + -4. What is m(u)?
13
Let h(z) = -z + 7. Let t(k) = k**2 - 7*k + 13. Let y be t(10). Let p(b) = -y + 19 + 23. Let l(r) = h(r) + 6*p(r). Determine l(-4).
5
Let j(z) be the first derivative of -13 + 2/3*z**3 - z + 2*z**2. Give j(-3).
5
Let l(a) = 3*a**2 - a + 5. Let i(w) = -4*w**2 + 2*w - 7. Let p(h) = 2*i(h) + 3*l(h). What is p(2)?
7
Let y(r) = 6*r - 42. Suppose 3*g + 24 = 3*b, 4*g = 4 - 12. Give y(b).
-6
Let s be 60/(-18)*6/4. Let a(p) = 6 - p**3 + 3*p**2 + 3*p - p - 7*p**2. Give a(s).
21
Let b = -47 + 53. Let n(r) = -2*r - b*r - 8 - r**2 + r**3 - 2*r + 9*r**2. Determine n(-9).
1
Let x(z) = -z**3 - 3*z**2 + 3*z - 2. Let l = -160 + 272. Suppose -4*p + l = 5*t, 4*p - 15 = 3*t - 95. Suppose 2*f - 2*r = 6*f + 6, t = -3*f + 5*r. What is x(f)?
-11
Let u(d) be the first derivative of d**3/3 - d**2/2 + d + 108. Give u(5).
21
Let r(a) = a**2 + 5*a. Suppose -5*m + 4*m = 0. Suppose 8 = -2*b - 5*z, m*b + 4*z = -2*b - 8. Determine r(b).
-4
Let c be (-1)/(-2) + 2/(-12)*3. Let d(r) be the third derivative of c*r - 5/24*r**4 - 1/12*r**5 - 1/120*r**6 - 2*r**2 - 1/3*r**3 + 0. Calculate d(-4).
2
Let o be ((-4)/6)/(3/(-45)). Let f = o - 6. Suppose s = f*s - 18. Let g(j) = j**3 - 6*j**2 - 5. Determine g(s).
-5
Let q(r) = 7*r. Suppose 3*a = 5*m + 449 - 134, 2*a + m - 223 = 0. Let y = 111 - a. What is q(y)?
7
Let y(d) be the third derivative of -d**6/60 + d**4/12 + d**3/6 - 58*d**2 - d. Let t = 2 - 2. Suppose -x = -3*p + x - 7, 5*p - 5*x + 15 = t. Determine y(p).
1
Let i(p) = -p**3 + 8*p**2 - 6*p + 6. Let a be 583/110 + (-3)/10. Determine i(a).
51
Let j be 100/(-28) + (-3)/7. Let m = -11 - j. Let o(k) = k + 7. Calculate o(m).
0
Let a(y) = y**2 + 14*y + 8. Suppose -10*l = -3*h - 12*l - 44, 2*l + 32 = -2*h. Determine a(h).
-16
Let g = 17 - 12. Let k(c) be the third derivative of c**4/24 - 2*c**2. Determine k(g).
5
Let t(f) = -f + 1. Let y be 4/((-8)/(-5))*10. Let n(x) = 4 - 25*x + y*x - x**2. Let h be n(0). Calculate t(h).
-3
Let m(b) = 3*b - 10. Let o be (-2 + 4)*6 - (0 + 4). What is m(o)?
14
Let f(h) = -2*h + 2. Let v = -56 + 58. Give f(v).
-2
Let y(b) be the second derivative of b**3/6 + 2*b**2 - 53*b. What is y(-9)?
-5
Let u(i) be the second derivative of 5*i**3/6 + 27*i - 1. What is u(-1)?
-5
Let y(n) be the second derivative of n**4/12 - n**3/6 + 11*n**2/2 + n. Suppose -25*u = -28*u - 5*v - 5, 5*v = -5. Determine y(u).
11
Let g(y) be the third derivative of -40*y**2 + y - 5/24*y**4 - 1/120*y**6 + 0 + 1/3*y**3 + 1/15*y**5. Calculate g(3).
-4
Let g be ((-17)/(-2))/((-16)/(-32)). Let y(j) = -43*j**2 - 7*j + g*j**2 - 4 - 5 + 19*j**2 - j**3. Calculate y(-6).
-3
Let s(h) = -5 + 8*h + 4 + 0 + 3. Let i(j) = 4*j**2 - 78*j + 40. Let r be i(19). What is s(r)?
18
Let b(h) = 109*h - 32*h - 38*h + 3 - 36*h. Suppose 15 = -4*a - 1. Give b(a).
-9
Let q = -3 - -9. Let a(y) = -2*y + 11. Determine a(q).
-1
Let d(g) = -14*g**2 - 20*g - 3. Let w(k) = -k**2 + 1. Let a(r) = 8*r**2 + 7*r - 2. Let o(p) = -a(p) - 3*w(p). Let z(c) = 6*d(c) - 17*o(c). Give z(5).
19
Let l(c) be the second derivative of -c**4/12 - 3*c**3/2 - 7*c**2/2 - 201*c. Determine l(-11).
-29
Let q(a) = 3*a**2 + 6*a + 2. Let v = 0 - -1. Let o(w) = -2*w + 7*w - 18*w + 3*w + 9*w. Let m(g) = v*q(g) + 2*o(g). What is m(-2)?
6
Suppose 97*o + 168 = 69*o. Let b(y) = -y**3 - 4*y**2 + 12*y + 7. Give b(o).
7
Let b(q) be the third derivative of q**7/1008 - 11*q**5/30 + 32*q**2. Let r(d) be the third derivative of b(d). Determine r(3).
15
Let k(s) = -s**2 + 5*s - 2. Let r be 0 + 0 - (-2*1 + 0). Suppose h = -r*h + 9. Calculate k(h).
4
Suppose 5*z = 2*m - 19, 2*z + 1 = -4*m + 3. Suppose -m*r - 4 = -o, 5*o + r = 2*o - 2. Suppose o*t = t. Let b(v) = -v - 4. What is b(t)?
-4
Let b = -74 - -76. Let g(f) = 2*f**2 + 13*f - 21*f - 2*f**2 + 5*f**b + f**3 - 6. Calculate g(-6).
6
Let p = -10 - -4. Let b(v) = 7*v - 1. Let y(q) = -19*q + 2. Let g(h) = -8*b(h) - 3*y(h). Let j be g(p). Let a(f) = -f**2 - 6*f - 1. What is a(j)?
7
Let t(f) = 14*f - 1. Let u(b) = -99*b + 6. Let c(v) = 30*t(v) + 4*u(v). Let a(q) = 5*q - 1. Let g(k) = -14*a(k) + 3*c(k). What is g(3)?
2
Let s(p) be the first derivative of p**4/4 - p**3/3 + p**2 + 168. Suppose 2*k + 0*k - 4 = 0. What is s(k)?
8
Suppose -14*b + 116 = 144. Let p(m) = 3*m**3 + 3*m**2 + 3*m. Give p(b).
-18
Let j be (-2)/(-14) + (-1269)/(-329). Let y(n) = n**2 - 6*n + 6. Give y(j).
-2
Suppose 16 = -5*y - 3*b + 3, -2*b + 13 = -y. Let o be 1/((2 + y)/(-15)). Let l(r) = o - 5*r + 5*r + 0*r - r. Give l(5).
0
Let m(f) = 5*f + 9 + f + 5*f**2 - 3 - f**3. Let t be -9*(-12)/9*(-10)/(-1 - 19). What is m(t)?
6
Let n(o) be the third derivative of o**4/6 - 4*o**3/3 - 752*o**2. Give n(6).
16
Suppose -4*z = -2*z - 20. Suppose -z*v + 5*v = 5. Let m(x) = -x**2 - 4*x - 3. Let h(o) = o + 1. Let u(c) = v*m(c) + 4*h(c). Give u(-5).
-8
Let d(w) be the third derivative of 0*w + 0 - 38*w**2 - 5/24*w**4 + 1/3*w**3 - 1/60*w**5. Calculate d(-5).
2
Let n(z) = z**3 - 5*z**2 - 9*z + 6. Let i be 8 + (-7)/(21/6). Give n(i).
-12
Let b(t) = 2*t**2 - 14*t + 25. Suppose p + 6 = 4*p. Give b(p).
5
Let a = -64 - -75. Suppose -17*f + a*f - 42 = 0. Let l(o) be the second derivative of o**4/12 + 3*o**3/2 + o**2 + 2*o. Calculate l(f).
-12
Let y(h) = h**3 + 6*h**2 - 5*h + 5. Let x be ((-4)/(-6))/(2/(-21)). Give y(x).
-9
Let y(z) be the second derivative of -z**5/20 - z**4/6 + z**3 - 287*z. What is y(3)?
-27
Let w(z) = z**3 - 4*z**2 - 6*z + 1. Let y(r) be the third derivative of 2*r**5/15 - 5*r**4/24 + r**3/3 - 24*r**2. Let p be y(1). Determine w(p).
-4
Let c(l) be the second derivative of -l**3/6 + l**2 + l. Let k be 2/((-12)/(-8)*(-2)/(-3)). Determine c(k).
0
Let i(g) be the third derivative of g**5/60 - g**4/6 + 5*g**3/6 + 129*g**2. Calculate i(7).
26
Suppose 0 = i - 2*a - 1 - 5, 5*i = 3*a + 16. Let k(t) = t - 12 + 0*t + 16 + 0*t - i*t**2. Let d(f) = f**2 + 4*f + 1. Let b be d(-2). What is k(b)?
-17
Let h = 24 + -24. Let f(a) = a + 3. Give f(h).
3
Suppose -3*c = -33 - 12. Let w(v) = 34*v + 2 - c*v - 21*v. Suppose 2*d - 3 = d. Give w(d).
-4
Suppose 5*w + 2*q + 27 = 0, -q + 5*q = w + 1. Let b(f) = f**3 + 7*f**2 + 7*f + 5. What is b(w)?
20
Suppose -k = 1 - 3. Let s(h) = 30*h + 2. Let l be s(k). Let v(u) = l + 16*u**2 + 0*u - 2*u - 61. What is v(1)?
15
Let r = -18 - -267. Let t(n) = 3 - 3 - 250*n**2 - n + r*n**2. Calculate t(-3).
-6
Let n(y) = -6*y - 27. Let s(d) = 26*d + 115. Let v(u) = -9*n(u) - 2*s(u). Give v(-9).
-5
Let h(p) be the third derivative of p**6/120 + 7*p**5/60 + p**4/4 + p**3/2 + 62*p**2. Let o(c) = c**3 + 3*c**2 - 2*c + 2. Let m be o(-4). What is h(m)?
3
Let g(x) = 2*x + 17. Let y be g(-7). Suppose -s - 7 = -2*s - y*h, 5*h = -5*s + 15. Let o(c) = 4*c + 2*c + c**2 - s + 3. What is o(-6)?
2
Suppose 2*i = -4, -2*t + 0*i - 2 = 2*i. Let s(o) = -t - 4*o + 0 + 5*o + o. Determine s(-2).
-5
Let f(q) = q**3 - q**2 - 3*q + 3. Let s(u) = -u + 15. Let d be s(13). Calculate f(d).
1
Let t(x) = -6 - 3*x**2 + 4*x**2 + 2*x**3 - 4*x**2 + 3 + x**2 + 2*x. What is t(2)?
9
Let y(l) = l**2 + 4*l + 9. Let b be (15 + -8)*(-18)/21. Determine y(b).
21
Let t(c) = -6*c - 6. Let j be t(-4). Suppose 6*v + 6 + j = 0. Let w(n) = 2*n**2 + 6*n + 1. What is w(v)?
9
Let b(m) = m**2 - 6*m - 9. Let g(k) = -13 - 1 + 5 + 10. Let s(w) = b(w) + 3*g(w). Determine s(6).
-6
Suppose 4*y + 0*y - 12 = 0. Let d(w) = 2*w**3 + 3*w**2 - 2*w + 7*w - y*w. Suppose -5*i - 25 = 0, 3*m = -2*i - 0*i - 16. Give d(m).
-8
Let q(v) = -v - 681 + 681. Calculate q(4).
-4
Let o(x) be the third derivative of 1/60*x**5 - 1/6*x**3 + 0 + 1/8*x**4 + 0*x + 5*x**2. Let l be o(-3). Let g(u) = 11*u - 1. Determine g(l).
-12
Let x(g) = -g**2 - 5*g + 3. Let m(k) = -4*k**3 + 5*k**2 + 2*k - 2. Let o be m(-1). Determine x(o).
-47
Let j(t) = -t**2 - t + 2. Suppose 2*y + 19 = -7*h + 2*h, -3*y + 9 = 0. What is j(h)?
-18
Let u(o) be the first derivative of o**4/4 - 11*o**3/3 + 6*o**2 - 17*o - 129. What is u(10)?
3
Suppose -2*l - 4*l = -24. Let n(q) = -7 - l*q + 5 + 7. What is n(6)?
-19
Let z(l) = 0 - 7*l - 3 + 24*l - 10*l. Let n(a) = 10*a - 4. Let h(d) = 5*n(d) - 7*z(d). Suppose 0 = r + 5*m + 4, -4*r + m = 18 - 2. Give h(r).
-3
Suppose -27*k = -30*k - 2*z + 6, 0 = -4*k - 4*z + 8. Let l(f) be the first derivative of 5 - 1/2*f**k + f. What is l(1)?
0
Suppose -2